ts digit of d(-2)?
4
Suppose 3*u + 16 = -5*d, -3 - 2 = d. What is the units digit of (u + -2)*20/4?
5
Let j(b) = 6*b**2 - 2*b - 6*b**2 - 2*b**3 + b. Let d be j(1). Let w = d + 4. What is the units digit of w?
1
Suppose -5*v = 3*l - 40, 2*v + 0 = -4*l + 30. Suppose 4*k = -2*u + 18, 0 = v*k + 4 - 14. What is the units digit of u?
5
Suppose -25 = o - 5*l, -3*o + l - 19 = -0*o. Let p be o/2*10/(-25). Suppose 3*z + 0*z = -2*y - p, -5*z - 8 = -3*y. What is the units digit of y?
1
Let p = 1 - -1. Suppose 2*q - q = -p. What is the units digit of (-150)/(-14) + q/(-7)?
1
Let f be 5/((-2)/(-150)*3). Suppose -f = -3*v - 2. What is the tens digit of v?
4
Let a = 92 + -56. Let q be (5 - -1)*(-1)/(-3). Suppose -3*n = 3*w - a, 3 = q*n - 5*w - 7. What is the units digit of n?
0
Suppose 3*t - g = 22, -4*t + 40 = -g + 5*g. What is the units digit of t?
8
Suppose 0 = -7*d + 2*d + 75. Suppose 5*z + t = -t + 16, -5*t + d = 0. What is the units digit of z?
2
Let q = -14 - -27. What is the units digit of q?
3
Let u = 1 - -3. Suppose -4*d - 3*j = -6 - 0, -2*j = 3*d - u. What is the units digit of 6/2*(1 + d)?
3
Suppose -254*l + 95 = -249*l. What is the units digit of l?
9
Suppose 4*a = 95 + 57. Suppose -g = -7*t + 2*t + a, 5*g - 50 = -5*t. What is the units digit of t?
8
Suppose 0 = 4*z + 4, 5*z - 2*z + 103 = 4*v. What is the tens digit of v?
2
Let y(s) = 10 - 3*s**2 - 2*s**3 + 9*s - 3*s**2 + s**3. Let o be y(-7). What is the units digit of 22/6 + o/6?
3
Suppose 5*m - 8 - 2 = 0. Let f be (-6 + 2)/(-4) - 0. Suppose m*r - 21 = -f. What is the units digit of r?
0
Let r = -34 + 72. What is the tens digit of r?
3
Let o be (-3)/(-3) - (-1 + 3). What is the units digit of (4/3)/(o/(-3))?
4
Suppose 4*x + 4*h - 428 = 0, -5*x - 529 = -10*x + h. What is the units digit of x?
6
Suppose -3 = 3*w - 9. Suppose w*i - i = 48. What is the units digit of i?
8
Suppose -b + 6 = -3. Let f be (-7)/(63/6)*b. Let x = -3 - f. What is the units digit of x?
3
Let l(j) = -j**2 - 4*j + 5. Let r be l(-4). Suppose w = 3*a + 7 - 79, r*w = 4*a - 85. What is the tens digit of a?
2
Suppose 3*y - 21 - 3 = 0. Suppose 0 = -3*x + y*x - 70. What is the tens digit of x?
1
Let p(s) = 4*s + 4. Let z be p(2). Suppose 3*t + 324 = -t. What is the tens digit of (t/z)/((-6)/16)?
1
Let g = 126 - 83. What is the units digit of g?
3
Let l = 46 + -11. What is the units digit of l?
5
Let s = -38 + 177. What is the units digit of s?
9
What is the tens digit of (-21)/(-4)*(1 - 4 - -11)?
4
What is the tens digit of (1 - (-14)/(-10))*-8*10?
3
Let u(r) = -29*r - 1 - 2 + 7 - 1. Let q(d) = -19*d + 2. Let i(w) = 8*q(w) - 5*u(w). What is the units digit of i(-1)?
8
Suppose o - 4*o - l - 1 = 0, -o + 9 = -2*l. Let p = -3 + o. Let i = p + 4. What is the units digit of i?
2
Let j be 0/((-3)/(9/(-3))). Suppose j = -y - 3*y + 16. Suppose y*q + 0*q = 8. What is the units digit of q?
2
Let g(i) = 3*i**2 - 7*i + 0*i**2 + 5 - 3*i**2 + i**2. Suppose 6 + 22 = 4*q. What is the units digit of g(q)?
5
Suppose -2*v - 6 = 6. Let o = -13 - v. Let l = 14 + o. What is the units digit of l?
7
Let m(l) = -l**2 - 6*l - 4. Let i(d) = -d - 16. Let s be i(-12). Let p be m(s). Let g = p + 3. What is the units digit of g?
7
Let m(s) = 5*s + 6 + 1 - 3 - s**2. What is the units digit of m(3)?
0
Suppose 0 = 2*d - 4*r - 88, -5*d - 7 = -4*r - 203. Suppose -h - d = -5*h. What is the units digit of h?
9
Let j(g) be the second derivative of -g**3/2 - 5*g**2/2 + 5*g. What is the tens digit of j(-8)?
1
Let o(i) = i**3 + 10*i**2 + 10*i + 2. Let u be o(-9). Let f = 12 + u. What is the units digit of f?
5
Let d be 6/(-2) - (-21 - -5). Suppose -i = -d + 1. What is the units digit of i?
2
Let k(u) = 2*u**2 + 2*u. Let i be k(-2). Let t be ((-6)/4)/((-3)/i). Suppose t*z = 4*q - z + 5, 4*q - 19 = -5*z. What is the units digit of q?
1
Suppose 0*b - 2*b - 4 = -2*m, -3*m = 5*b - 14. Suppose 4 - b = t. Suppose -z + 4 = t*z. What is the units digit of z?
1
Let r = 15 + -17. Let u = 26 - 18. Let n = r + u. What is the units digit of n?
6
Suppose w = 3*w - 6. Suppose z = -2*z - 57. What is the units digit of (-8)/(-12) - z/w?
7
Let i = -7 - -11. Suppose 0 = -2*m + i*g + 6, -7*m - 6 = -3*m + g. What is the units digit of (m/(-2))/(1/42)?
1
Suppose 6 + 6 = 4*r. Suppose r*m - 5*y - 22 = -0*y, -4 = -4*y. What is the units digit of m?
9
Suppose 0 = -3*t + 4*b + 53, 5*t - 56 - 27 = 4*b. Let o = -9 + t. What is the units digit of o?
6
Let m(u) = 3*u**3 - 7*u**2 + 4*u + 1. Let q be m(7). What is the units digit of (8/(-5))/((-26)/q)?
4
Let i(q) = 2*q**2 - q. Let k be i(-2). Suppose 0*x - k = -x. What is the tens digit of x?
1
Suppose 5*b = 5*z + 3*b - 25, b - 10 = -2*z. Let h(j) = 2*j**2 - j. Let v be h(-1). Suppose -i = -5*n - 4*i + 6, 24 = z*n - v*i. What is the units digit of n?
3
Suppose -3*b - 6 = 3*t + 3, 2*t + b + 9 = 0. What is the tens digit of (t - (-6)/2)*-9?
2
Let d(c) = -c**2 + 6*c + 6. Let l be 4 + 5 + (-5 - -2). What is the units digit of d(l)?
6
Let i(v) = 2*v**2 + 3*v + 2. Suppose 0 = 5*j + t + 11, 2*j - 4*t + 7 = -7*t. Let o be i(j). Suppose o*h = 2*h + 16. What is the units digit of h?
8
Let q = 85 - 51. What is the tens digit of q?
3
What is the units digit of 4/(-4) + (15 - -3)?
7
Suppose -3*g = 2*g - 115. Suppose 4*n - 4*f = 76, -3*f = -n + 2*f + g. What is the units digit of (-5)/(45/(-6))*n?
2
Suppose 4*z = -3*b - 6 - 1, 5*z = 5*b + 35. Suppose -2 - z = -2*g. Suppose g*x - 13 = 7. What is the units digit of x?
0
Let y be -1 + -4 + -1 + -2. What is the units digit of (0 + -1)/(1/y)?
8
Suppose 2*l + 2 = 6. Let v(o) = 2*o + 0 - 3 + l*o. What is the units digit of v(3)?
9
Suppose 0 = 2*t - 9 - 103. What is the units digit of t?
6
Let k(j) = -j**3 + 8*j**2 + 10*j - 12. What is the units digit of k(7)?
7
Let n(l) = l**3 - 9*l**2 + 6*l + 19. What is the tens digit of n(9)?
7
Let k = 6 + -3. Suppose -2*d - i = -9, k*i - i - 11 = -3*d. What is the units digit of d?
7
Let m be 0 + 0*(-2)/6. Let n = 1 - 0. Let o = n - m. What is the units digit of o?
1
Let b(h) = h**2 + 8*h + 7. Let r be b(-8). Suppose -5*y = -r*y + 28. What is the tens digit of y?
1
Let j be 1060/75 + (-6)/45. Suppose y = j + 13. What is the units digit of y?
7
Let s = 14 + -10. Let c(p) = 0*p - 2*p + 0*p + s. What is the tens digit of c(-3)?
1
Let l be 6*(-1)/(2/9). What is the units digit of (2/6)/((-3)/l)?
3
Let d = -108 - -179. What is the tens digit of d?
7
Let s be 4*8 + (-3)/(-3). Suppose 2*o - s = -5. What is the units digit of o?
4
Suppose 671 + 229 = 9*w. What is the hundreds digit of w?
1
What is the tens digit of (-8*1)/(-2) - -29?
3
Suppose -v - 11 = -4*i, -5*i + 12 + 23 = 3*v. Suppose -i*d + 12 = -16. Suppose 2*t - d = 3. What is the units digit of t?
5
Let h(u) = 10*u**3 - 3*u**2 + 2*u - 3. What is the units digit of h(2)?
9
Let o(h) be the first derivative of h**3 + 3*h**2/2 - 2*h + 8. What is the tens digit of o(3)?
3
Let c = -10 - -18. Suppose 0 = 3*v + c - 41. What is the tens digit of v?
1
Let l = -5 + -20. Let o = l + 35. What is the units digit of o?
0
Let x(n) = 2*n**2 + 12*n + 12. What is the units digit of x(-9)?
6
Suppose -2*c + 4*c = 8. Suppose o = 3*o - c. What is the units digit of o?
2
What is the units digit of 1 + 40 - 0/(-20)?
1
Suppose -2*m - 130 = -4*m + 5*p, 5*m = 4*p + 308. Suppose -q + m = 2*q. What is the tens digit of q?
2
Let g be (12/5)/((-4)/(-30)). Let u be 3 - 4/(-6) - 1/(-3). Suppose -u*b + b = -g. What is the units digit of b?
6
Let m = -13 - -18. Let v(i) be the second derivative of i**3/2 - 3*i**2 + 2*i. What is the units digit of v(m)?
9
Suppose 0 = 3*r - k - 84, -84 = 2*r - 5*r + 4*k. What is the tens digit of r?
2
Suppose 5*d - 4*y - 8 = 0, -5*y = -d - 9 - 2. Let s be (5 + -4)/(2/d). What is the units digit of 119/11 + s/11?
1
Let i(x) = -x**2 + 17*x + 16. What is the tens digit of i(8)?
8
Let k be ((-9)/(-2))/(1/10). Suppose -5*s + k = 15. What is the units digit of s + (18/(-3))/(-3)?
8
Suppose -14 = 3*t + 70. What is the units digit of t/(-36) - (-2)/9?
1
Suppose -q = -5 - 19. Let v = 56 - 40. Let u = q - v. What is the units digit of u?
8
Suppose 5*j - 4*w + 175 = -w, -71 = 2*j - w. Let v = j - -57. What is the units digit of v?
9
Suppose 3*l - 2 = 1. Let o = l - 5. What is the tens digit of (-1 - 1)/(o/26)?
1
Suppose 0 = -3*l + l. Suppose l = 2*a 